s divided by 18?
16
What is the remainder when 266 is divided by 54?
50
What is the remainder when 112 is divided by 31?
19
Calculate the remainder when 286 is divided by 37.
27
What is the remainder when 814 is divided by 117?
112
Calculate the remainder when 217 is divided by 20.
17
What is the remainder when 22 is divided by 18?
4
Calculate the remainder when 203 is divided by 23.
19
What is the remainder when 827 is divided by 83?
80
What is the remainder when 670 is divided by 13?
7
What is the remainder when 1564 is divided by 774?
16
What is the remainder when 65 is divided by 18?
11
Calculate the remainder when 173 is divided by 11.
8
What is the remainder when 42 is divided by 4?
2
What is the remainder when 4557 is divided by 1139?
1
Calculate the remainder when 6107 is divided by 20.
7
What is the remainder when 662 is divided by 111?
107
Calculate the remainder when 49587 is divided by 171.
168
Calculate the remainder when 243 is divided by 50.
43
Calculate the remainder when 4088 is divided by 216.
200
What is the remainder when 69 is divided by 39?
30
Calculate the remainder when 501 is divided by 101.
97
Calculate the remainder when 50 is divided by 10.
0
Calculate the remainder when 74 is divided by 15.
14
What is the remainder when 992 is divided by 12?
8
Calculate the remainder when 224 is divided by 75.
74
Calculate the remainder when 5164 is divided by 22.
16
What is the remainder when 1516 is divided by 109?
99
What is the remainder when 764 is divided by 102?
50
Calculate the remainder when 34 is divided by 9.
7
What is the remainder when 3598 is divided by 50?
48
Calculate the remainder when 672 is divided by 117.
87
What is the remainder when 312 is divided by 43?
11
What is the remainder when 1672 is divided by 93?
91
What is the remainder when 987 is divided by 23?
21
Calculate the remainder when 10 is divided by 6.
4
What is the remainder when 934 is divided by 67?
63
Calculate the remainder when 329 is divided by 175.
154
What is the remainder when 224 is divided by 23?
17
What is the remainder when 471 is divided by 215?
41
Calculate the remainder when 2939 is divided by 196.
195
Calculate the remainder when 26 is divided by 14.
12
What is the remainder when 266 is divided by 167?
99
Calculate the remainder when 338 is divided by 9.
5
What is the remainder when 634 is divided by 53?
51
Calculate the remainder when 264 is divided by 82.
18
What is the remainder when 252 is divided by 65?
57
What is the remainder when 362 is divided by 28?
26
What is the remainder when 4588 is divided by 102?
100
What is the remainder when 168 is divided by 35?
28
What is the remainder when 87 is divided by 7?
3
What is the remainder when 871 is divided by 9?
7
Calculate the remainder when 471 is divided by 160.
151
What is the remainder when 118 is divided by 4?
2
What is the remainder when 1894 is divided by 158?
156
What is the remainder when 4914 is divided by 2438?
38
Calculate the remainder when 452 is divided by 22.
12
What is the remainder when 64 is divided by 26?
12
Calculate the remainder when 67 is divided by 35.
32
Calculate the remainder when 629 is divided by 26.
5
Calculate the remainder when 259 is divided by 24.
19
What is the remainder when 117 is divided by 14?
5
What is the remainder when 514 is divided by 14?
10
Calculate the remainder when 351 is divided by 32.
31
Calculate the remainder when 8334 is divided by 43.
35
What is the remainder when 908 is divided by 91?
89
Calculate the remainder when 14 is divided by 14.
0
Calculate the remainder when 90 is divided by 2.
0
Calculate the remainder when 234 is divided by 68.
30
What is the remainder when 579 is divided by 29?
28
What is the remainder when 62 is divided by 30?
2
Calculate the remainder when 2882 is divided by 110.
22
What is the remainder when 1257 is divided by 34?
33
What is the remainder when 348 is divided by 25?
23
Calculate the remainder when 4065 is divided by 83.
81
What is the remainder when 1492 is divided by 68?
64
What is the remainder when 1090 is divided by 42?
40
What is the remainder when 135 is divided by 27?
0
Calculate the remainder when 216 is divided by 66.
18
Calculate the remainder when 2937 is divided by 12.
9
What is the remainder when 90 is divided by 26?
12
What is the remainder when 10161 is divided by 42?
39
What is the remainder when 307 is divided by 50?
7
Calculate the remainder when 77 is divided by 22.
11
What is the remainder when 915 is divided by 18?
15
Calculate the remainder when 262 is divided by 205.
57
Calculate the remainder when 856 is divided by 33.
31
Calculate the remainder when 848 is divided by 37.
34
Calculate the remainder when 237 is divided by 94.
49
Calculate the remainder when 465 is divided by 13.
10
What is the remainder when 1148 is divided by 106?
88
What is the remainder when 175 is divided by 20?
15
Calculate the remainder when 2429 is divided by 45.
44
What is the remainder when 427 is divided by 18?
13
Calculate the remainder when 1565 is divided by 80.
45
What is the remainder when 145 is divided by 137?
8
Calculate the remainder when 113 is divided by 25.
13
Calculate the remainder when 230 is divided by 53.
18
What is the remainder when 392 is divided by 344?
48
Calculate the remainder when 141 is divided by 71.
70
Calculate the remainder when 34 is divided by 3.
1
Calculate the remainder when 1754 is divided by 80.
74
Calculate the remainder when 6777 is divided by 16.
9
What is the remainder when 14200 is divided by 3?
1
Calculate the remainder when 279 is divided by 74.
57
Calculate the remainder when 1791 is divided by 56.
55
Calculate the remainder when 1113 is divided by 61.
15
What is the remainder when 27 is divided by 3?
0
What is the remainder when 297 is divided by 56?
17
Calculate the remainder when 526 is divided by 522.
4
Calculate the remainder when 17 is divided by 9.
8
What is the remainder when 1394 is divided by 175?
169
What is the remainder when 2481 is divided by 223?
28
What is the remainder when 418 is divided by 53?
47
Calculate the remainder when 166 is divided by 24.
22
Calculate the remainder when 4124 is divided by 2057.
10
What is the remainder when 631 is divided by 209?
4
What is the remainder when 5341 is divided by 54?
49
What is the remainder when 351 is divided by 28?
15
Calculate the remainder when 67 is divided by 36.
31
What is the remainder when 264 is divided by 262?
2
What is the remainder when 388 is divided by 23?
20
What is the remainder when 4881 is divided by 13?
6
What is the remainder when 212 is divided by 54?
50
What is the remainder when 18091 is divided by 464?
459
Calculate the remainder when 78 is divided by 41.
37
What is the remainder when 9 is divided by 5?
4
What is the remainder when 329 is divided by 110?
109
What is the remainder when 143 is divided by 23?
5
Calculate the remainder when 573 is divided by 41.
40
What is the remainder when 495 is divided by 162?
9
What is the remainder when 652 is divided by 22?
14
What is the remainder when 2831 is divided by 1410?
11
What is the remainder when 48032 is divided by 7?
5
What is the remainder when 2153 is divided by 44?
41
What is the remainder when 753 is divided by 9?
6
Calculate the remainder when 473 is divided by 201.
71
What is the remainder when 1150 is divided by 165?
160
What is the remainder when 72 is divided by 19?
15
What is the remainder when 40 is divided by 22?
18
What is the remainder when 54 is divided by 16?
6
What is the remainder when 7277 is divided by 29?
27
Calculate the remainder when 191 is divided by 86.
19
What is the remainder when 258 is divided by 119?
20
Calculate the remainder when 238 is divided by 77.
7
What is the remainder when 713 is divided by 13?
11
Calculate the remainder when 3834 is divided by 240.
234
What is the remainder when 2757 is divided by 307?
301
Calculate the remainder when 576 is divided by 80.
16
Calculate the remainder when 196 is divided by 33.
31
What is the remainder when 1006 is divided by 48?
46
Calculate the remainder when 566 is divided by 322.
244
Calculate the remainder when 34 is divided by 6.
4
Calculate the remainder when 74 is divided by 50.
24
What is the remainder when 1241 is divided by 23?
22
Calcula